{"id":8727,"date":"2023-10-02T14:11:14","date_gmt":"2023-10-02T13:11:14","guid":{"rendered":"https:\/\/www.pearls.de\/?page_id=8727"},"modified":"2023-10-02T14:25:58","modified_gmt":"2023-10-02T13:25:58","slug":"bildergalerie-2","status":"publish","type":"page","link":"https:\/\/www.pearls.de\/?page_id=8727","title":{"rendered":"Bildergalerie"},"content":{"rendered":"\n<p>Alle unsere Party Bilder findet ihr k\u00fcnftig in unserer App!<\/p>\n\n\n\n<p>Download f\u00fcr iOS mit klick aufs Appstore Logo:<\/p>\n\n\n\n<figure class=\"wp-block-image size-full is-resized\"><a href=\"https:\/\/apps.apple.com\/de\/app\/club-pearls\/id6467542355?platform=iphone\" target=\"_blank\" rel=\"noreferrer noopener\"><img decoding=\"async\" loading=\"lazy\" src=\"https:\/\/www.pearls.de\/wp-content\/uploads\/2023\/10\/apple-store.png\" alt=\"\" class=\"wp-image-8730\" width=\"269\" height=\"80\" srcset=\"https:\/\/www.pearls.de\/wp-content\/uploads\/2023\/10\/apple-store.png 359w, https:\/\/www.pearls.de\/wp-content\/uploads\/2023\/10\/apple-store-150x45.png 150w, https:\/\/www.pearls.de\/wp-content\/uploads\/2023\/10\/apple-store-200x60.png 200w, https:\/\/www.pearls.de\/wp-content\/uploads\/2023\/10\/apple-store-300x89.png 300w\" sizes=\"(max-width: 269px) 100vw, 269px\" \/><\/a><\/figure>\n\n\n\n<p><\/p>\n\n\n\n<p>Download f\u00fcr Android mit klick aufs GooglePlay Logo<\/p>\n\n\n\n<figure class=\"wp-block-image size-full is-resized\"><a href=\"https:\/\/play.google.com\/store\/apps\/details?id=com.mdobler.clubapp_pearls&amp;pcampaignid=web_share\" target=\"_blank\" rel=\"noreferrer noopener\"><img decoding=\"async\" loading=\"lazy\" src=\"https:\/\/www.pearls.de\/wp-content\/uploads\/2023\/10\/android-store.png\" alt=\"\" class=\"wp-image-8729\" width=\"267\" height=\"80\" srcset=\"https:\/\/www.pearls.de\/wp-content\/uploads\/2023\/10\/android-store.png 356w, https:\/\/www.pearls.de\/wp-content\/uploads\/2023\/10\/android-store-150x45.png 150w, https:\/\/www.pearls.de\/wp-content\/uploads\/2023\/10\/android-store-200x60.png 200w, https:\/\/www.pearls.de\/wp-content\/uploads\/2023\/10\/android-store-300x89.png 300w\" sizes=\"(max-width: 267px) 100vw, 267px\" \/><\/a><\/figure>\n\n\n\n<p><\/p>\n<div style=\"display:none;\" id=\"fbEventDate\"><\/div>","protected":false},"excerpt":{"rendered":"<p>Alle unsere Party Bilder findet ihr k\u00fcnftig in unserer App! Download f\u00fcr iOS mit klick aufs Appstore Logo: Download f\u00fcr Android mit klick aufs GooglePlay Logo<\/p>\n","protected":false},"author":5,"featured_media":0,"parent":0,"menu_order":0,"comment_status":"closed","ping_status":"closed","template":"","meta":{"_links_to":"","_links_to_target":""},"yoast_head":"<!-- This site is optimized with the Yoast SEO plugin v20.3 - https:\/\/yoast.com\/wordpress\/plugins\/seo\/ -->\n<title>Bildergalerie - Pearls Nabburg<\/title>\n<meta name=\"robots\" content=\"index, follow, max-snippet:-1, max-image-preview:large, max-video-preview:-1\" \/>\n<link rel=\"canonical\" href=\"https:\/\/www.pearls.de\/?page_id=8727\" \/>\n<meta property=\"og:locale\" content=\"de_DE\" \/>\n<meta property=\"og:type\" content=\"article\" \/>\n<meta property=\"og:title\" content=\"Bildergalerie - Pearls Nabburg\" \/>\n<meta property=\"og:description\" content=\"Alle unsere Party Bilder findet ihr k\u00fcnftig in unserer App! Download f\u00fcr iOS mit klick aufs Appstore Logo: Download f\u00fcr Android mit klick aufs GooglePlay Logo\" \/>\n<meta property=\"og:url\" content=\"https:\/\/www.pearls.de\/?page_id=8727\" \/>\n<meta property=\"og:site_name\" content=\"Pearls Nabburg\" \/>\n<meta property=\"article:modified_time\" content=\"2023-10-02T13:25:58+00:00\" \/>\n<meta property=\"og:image\" content=\"https:\/\/www.pearls.de\/wp-content\/uploads\/2023\/10\/apple-store.png\" \/>\n<meta name=\"twitter:card\" content=\"summary_large_image\" \/>\n<meta name=\"twitter:label1\" content=\"Gesch\u00e4tzte Lesezeit\" \/>\n\t<meta name=\"twitter:data1\" content=\"1 Minute\" \/>\n<script type=\"application\/ld+json\" class=\"yoast-schema-graph\">{\"@context\":\"https:\/\/schema.org\",\"@graph\":[{\"@type\":\"WebPage\",\"@id\":\"https:\/\/www.pearls.de\/?page_id=8727\",\"url\":\"https:\/\/www.pearls.de\/?page_id=8727\",\"name\":\"Bildergalerie - Pearls Nabburg\",\"isPartOf\":{\"@id\":\"https:\/\/www.pearls.de\/#website\"},\"datePublished\":\"2023-10-02T13:11:14+00:00\",\"dateModified\":\"2023-10-02T13:25:58+00:00\",\"breadcrumb\":{\"@id\":\"https:\/\/www.pearls.de\/?page_id=8727#breadcrumb\"},\"inLanguage\":\"de-DE\",\"potentialAction\":[{\"@type\":\"ReadAction\",\"target\":[\"https:\/\/www.pearls.de\/?page_id=8727\"]}]},{\"@type\":\"BreadcrumbList\",\"@id\":\"https:\/\/www.pearls.de\/?page_id=8727#breadcrumb\",\"itemListElement\":[{\"@type\":\"ListItem\",\"position\":1,\"name\":\"Startseite\",\"item\":\"https:\/\/www.pearls.de\/\"},{\"@type\":\"ListItem\",\"position\":2,\"name\":\"Bildergalerie\"}]},{\"@type\":\"WebSite\",\"@id\":\"https:\/\/www.pearls.de\/#website\",\"url\":\"https:\/\/www.pearls.de\/\",\"name\":\"Pearls Nabburg\",\"description\":\"Lounge und Discothek\",\"potentialAction\":[{\"@type\":\"SearchAction\",\"target\":{\"@type\":\"EntryPoint\",\"urlTemplate\":\"https:\/\/www.pearls.de\/?s={search_term_string}\"},\"query-input\":\"required name=search_term_string\"}],\"inLanguage\":\"de-DE\"}]}<\/script>\n<!-- \/ Yoast SEO plugin. -->","yoast_head_json":{"title":"Bildergalerie - Pearls Nabburg","robots":{"index":"index","follow":"follow","max-snippet":"max-snippet:-1","max-image-preview":"max-image-preview:large","max-video-preview":"max-video-preview:-1"},"canonical":"https:\/\/www.pearls.de\/?page_id=8727","og_locale":"de_DE","og_type":"article","og_title":"Bildergalerie - Pearls Nabburg","og_description":"Alle unsere Party Bilder findet ihr k\u00fcnftig in unserer App! Download f\u00fcr iOS mit klick aufs Appstore Logo: Download f\u00fcr Android mit klick aufs GooglePlay Logo","og_url":"https:\/\/www.pearls.de\/?page_id=8727","og_site_name":"Pearls Nabburg","article_modified_time":"2023-10-02T13:25:58+00:00","og_image":[{"url":"https:\/\/www.pearls.de\/wp-content\/uploads\/2023\/10\/apple-store.png"}],"twitter_card":"summary_large_image","twitter_misc":{"Gesch\u00e4tzte Lesezeit":"1 Minute"},"schema":{"@context":"https:\/\/schema.org","@graph":[{"@type":"WebPage","@id":"https:\/\/www.pearls.de\/?page_id=8727","url":"https:\/\/www.pearls.de\/?page_id=8727","name":"Bildergalerie - Pearls Nabburg","isPartOf":{"@id":"https:\/\/www.pearls.de\/#website"},"datePublished":"2023-10-02T13:11:14+00:00","dateModified":"2023-10-02T13:25:58+00:00","breadcrumb":{"@id":"https:\/\/www.pearls.de\/?page_id=8727#breadcrumb"},"inLanguage":"de-DE","potentialAction":[{"@type":"ReadAction","target":["https:\/\/www.pearls.de\/?page_id=8727"]}]},{"@type":"BreadcrumbList","@id":"https:\/\/www.pearls.de\/?page_id=8727#breadcrumb","itemListElement":[{"@type":"ListItem","position":1,"name":"Startseite","item":"https:\/\/www.pearls.de\/"},{"@type":"ListItem","position":2,"name":"Bildergalerie"}]},{"@type":"WebSite","@id":"https:\/\/www.pearls.de\/#website","url":"https:\/\/www.pearls.de\/","name":"Pearls Nabburg","description":"Lounge und Discothek","potentialAction":[{"@type":"SearchAction","target":{"@type":"EntryPoint","urlTemplate":"https:\/\/www.pearls.de\/?s={search_term_string}"},"query-input":"required name=search_term_string"}],"inLanguage":"de-DE"}]}},"_links":{"self":[{"href":"https:\/\/www.pearls.de\/index.php?rest_route=\/wp\/v2\/pages\/8727"}],"collection":[{"href":"https:\/\/www.pearls.de\/index.php?rest_route=\/wp\/v2\/pages"}],"about":[{"href":"https:\/\/www.pearls.de\/index.php?rest_route=\/wp\/v2\/types\/page"}],"author":[{"embeddable":true,"href":"https:\/\/www.pearls.de\/index.php?rest_route=\/wp\/v2\/users\/5"}],"replies":[{"embeddable":true,"href":"https:\/\/www.pearls.de\/index.php?rest_route=%2Fwp%2Fv2%2Fcomments&post=8727"}],"version-history":[{"count":4,"href":"https:\/\/www.pearls.de\/index.php?rest_route=\/wp\/v2\/pages\/8727\/revisions"}],"predecessor-version":[{"id":8736,"href":"https:\/\/www.pearls.de\/index.php?rest_route=\/wp\/v2\/pages\/8727\/revisions\/8736"}],"wp:attachment":[{"href":"https:\/\/www.pearls.de\/index.php?rest_route=%2Fwp%2Fv2%2Fmedia&parent=8727"}],"curies":[{"name":"wp","href":"https:\/\/api.w.org\/{rel}","templated":true}]}}